 the ten thousands digit of 57104889?
0
What is the ten thousands digit of 1369030135?
3
What is the millions digit of 23666551?
3
What is the hundreds digit of 217534807?
8
What is the ten thousands digit of 146651110?
5
What is the millions digit of 102429533?
2
What is the units digit of 120193801?
1
What is the thousands digit of 579365356?
5
What is the ten thousands digit of 12247304?
4
What is the ten thousands digit of 52569436?
6
What is the ten thousands digit of 130796642?
9
What is the ten thousands digit of 356971918?
7
What is the units digit of 45810005?
5
What is the hundred thousands digit of 895641786?
6
What is the hundred thousands digit of 709958585?
9
What is the units digit of 202620248?
8
What is the hundred millions digit of 1880370337?
8
What is the ten thousands digit of 20695458?
9
What is the hundreds digit of 523285338?
3
What is the hundred thousands digit of 194397471?
3
What is the ten thousands digit of 561670094?
7
What is the ten millions digit of 56414836?
5
What is the thousands digit of 7152375?
2
What is the ten millions digit of 1153668866?
5
What is the hundred millions digit of 150386374?
1
What is the ten millions digit of 4074636954?
7
What is the hundred thousands digit of 132915146?
9
What is the ten thousands digit of 218872859?
7
What is the hundreds digit of 21544972?
9
What is the hundred thousands digit of 2103567502?
5
What is the hundreds digit of 6982992?
9
What is the millions digit of 92484096?
2
What is the ten millions digit of 743621724?
4
What is the thousands digit of 19327614?
7
What is the hundred millions digit of 1236759425?
2
What is the hundred thousands digit of 549236942?
2
What is the ten millions digit of 415160790?
1
What is the hundred thousands digit of 8387683375?
6
What is the units digit of 4379165005?
5
What is the hundred thousands digit of 2347960325?
9
What is the thousands digit of 253135061?
5
What is the ten millions digit of 516335927?
1
What is the tens digit of 19987644?
4
What is the tens digit of 2403510229?
2
What is the millions digit of 491637050?
1
What is the tens digit of 33483759?
5
What is the millions digit of 525945457?
5
What is the millions digit of 4027573082?
7
What is the thousands digit of 376851207?
1
What is the millions digit of 2511903775?
1
What is the hundred thousands digit of 83957737?
9
What is the hundred millions digit of 3357807467?
3
What is the hundred millions digit of 1642048466?
6
What is the hundreds digit of 44840587?
5
What is the ten millions digit of 1841774252?
4
What is the hundreds digit of 2712470357?
3
What is the ten millions digit of 219573397?
1
What is the ten millions digit of 4589232386?
8
What is the units digit of 1651154547?
7
What is the ten millions digit of 2181993267?
8
What is the millions digit of 43433589?
3
What is the thousands digit of 43275331?
5
What is the ten millions digit of 829461992?
2
What is the hundreds digit of 5075314837?
8
What is the billions digit of 5387931779?
5
What is the ten millions digit of 49195409?
4
What is the units digit of 21312306?
6
What is the millions digit of 5510868944?
0
What is the ten thousands digit of 2819793?
1
What is the billions digit of 3428096648?
3
What is the thousands digit of 721641254?
1
What is the hundred thousands digit of 1551504353?
5
What is the units digit of 1298959571?
1
What is the millions digit of 902980742?
2
What is the hundreds digit of 187576903?
9
What is the millions digit of 495935019?
5
What is the ten thousands digit of 3343165780?
6
What is the hundred thousands digit of 9264126?
2
What is the ten thousands digit of 6611129827?
2
What is the tens digit of 221469007?
0
What is the ten millions digit of 190584765?
9
What is the hundred thousands digit of 382001539?
0
What is the hundreds digit of 117065299?
2
What is the units digit of 2589157?
7
What is the ten thousands digit of 374579885?
7
What is the hundreds digit of 100611373?
3
What is the ten thousands digit of 189155937?
5
What is the ten thousands digit of 347819299?
1
What is the ten millions digit of 2041457790?
4
What is the ten millions digit of 33168408?
3
What is the hundred thousands digit of 69379058?
3
What is the units digit of 111423205?
5
What is the hundreds digit of 362738573?
5
What is the units digit of 559791189?
9
What is the millions digit of 3235176?
3
What is the tens digit of 185981078?
7
What is the thousands digit of 1412739497?
9
What is the tens digit of 478241956?
5
What is the millions digit of 112698951?
2
What is the hundreds digit of 23234142?
1
What is the ten millions digit of 4194429892?
9
What is the ten millions digit of 2397111563?
9
What is the hundred thousands digit of 34754021?
7
What is the ten millions digit of 1525909901?
2
What is the ten thousands digit of 74981411?
8
What is the hundred millions digit of 116349507?
1
What is the hundreds digit of 209500529?
5
What is the ten millions digit of 1025015481?
2
What is the hundred millions digit of 922744066?
9
What is the hundred millions digit of 3395877050?
3
What is the thousands digit of 803923330?
3
What is the millions digit of 1244807545?
4
What is the ten thousands digit of 633776889?
7
What is the thousands digit of 81622810?
2
What is the thousands digit of 156930392?
0
What is the ten thousands digit of 97946855?
4
What is the hundred thousands digit of 87235238?
2
What is the hundred millions digit of 354766379?
3
What is the tens digit of 4530741037?
3
What is the hundreds digit of 130090044?
0
What is the units digit of 405423521?
1
What is the hundreds digit of 8233530?
5
What is the units digit of 33883829?
9
What is the tens digit of 118813804?
0
What is the hundred millions digit of 104031640?
1
What is the units digit of 6183085?
5
What is the millions digit of 127794796?
7
What is the millions digit of 221360691?
1
What is the millions digit of 122969674?
2
What is the millions digit of 380632667?
0
What is the ten millions digit of 1211759145?
1
What is the thousands digit of 854823411?
3
What is the millions digit of 38552205?
8
What is the tens digit of 2445377430?
3
What is the ten millions digit of 5234470569?
3
What is the millions digit of 482175307?
2
What is the millions digit of 1320605118?
0
What is the units digit of 91099058?
8
What is the hundred thousands digit of 69943675?
9
What is the tens digit of 791998840?
4
What is the units digit of 1483297666?
6
What is the hundred thousands digit of 205979410?
9
What is the ten thousands digit of 815513150?
1
What is the millions digit of 901958182?
1
What is the hundreds digit of 181088348?
3
What is the hundreds digit of 20251710?
7
What is the hundred thousands digit of 50311489?
3
What is the ten millions digit of 486058036?
8
What is the hundreds digit of 151520007?
0
What is the tens digit of 3371904856?
5
What is the units digit of 295486601?
1
What is the ten thousands digit of 264564649?
6
What is the units digit of 651521894?
4
What is the tens digit of 841767975?
7
What is the hundred millions digit of 768691518?
7
What is the hundreds digit of 146563685?
6
What is the thousands digit of 24499338?
9
What is the ten thousands digit of 636182458?
8
What is the billions digit of 2886431920?
2
What is the millions digit of 41112157?
1
What is the ten thousands digit of 70437308?
3
What is the hundred thousands digit of 1505448635?
4
What is the tens digit of 111195351?
5
What is the hundred millions digit of 2427361411?
4
What is the hundreds digit of 5618844880?
8
What is the units digit of 20100648?
8
What is the ten millions digit of 8520890970?
2
What is the ten millions digit of 838948689?
3
What is the ten thousands digit of 23693342?
9
What is the ten thousands digit of 1518192026?
9
What is the hundred millions digit of 468062059?
4
What is the hundreds digit of 43057178?
1
What is the tens digit of 13215257?
5
What is the ten thousands digit of 49643667?
4
What is the millions digit of 134329375?
4
What is the tens digit of 98764659?
5
What is the thousands digit of 999144?
9
What is the tens digit of 8392523?
2
What is the hundreds digit of 38295310?
3
What is the units digit of 77540521?
1
What is the hundred thousands digit of 816222527?
2
What is the millions digit of 1